r of 18 and 126342.
18
Calculate the highest common factor of 5204 and 12.
4
What is the highest common factor of 16 and 27568?
16
Calculate the greatest common divisor of 4 and 91.
1
Calculate the highest common factor of 34 and 799.
17
Calculate the highest common divisor of 174 and 102.
6
What is the highest common factor of 13 and 403?
13
Calculate the greatest common divisor of 2485 and 1349.
71
Calculate the highest common factor of 2625 and 315.
105
Calculate the highest common divisor of 2 and 289.
1
What is the highest common divisor of 209 and 979?
11
What is the greatest common divisor of 39 and 3055?
13
What is the greatest common divisor of 31 and 155?
31
What is the highest common divisor of 61 and 122?
61
Calculate the greatest common divisor of 3973 and 319.
29
Calculate the greatest common factor of 63 and 2219.
7
What is the greatest common factor of 210 and 870?
30
Calculate the highest common divisor of 96 and 12.
12
What is the greatest common divisor of 26 and 2145?
13
What is the highest common factor of 342 and 18?
18
What is the greatest common divisor of 11816 and 56?
56
What is the highest common factor of 8 and 1256?
8
Calculate the highest common factor of 2415 and 90.
15
Calculate the greatest common divisor of 336 and 12720.
48
What is the highest common divisor of 1837 and 4843?
167
What is the greatest common factor of 15 and 702?
3
What is the greatest common divisor of 247 and 4009?
19
Calculate the greatest common divisor of 12996 and 24.
12
Calculate the greatest common divisor of 56 and 24.
8
Calculate the greatest common factor of 50 and 4050.
50
What is the highest common factor of 110 and 55?
55
Calculate the highest common divisor of 495 and 550.
55
What is the highest common divisor of 23 and 2116?
23
Calculate the highest common divisor of 228 and 12.
12
What is the greatest common divisor of 29 and 551?
29
Calculate the highest common factor of 342 and 36.
18
Calculate the highest common factor of 595 and 1904.
119
Calculate the highest common divisor of 1440 and 45.
45
Calculate the greatest common factor of 2211 and 264.
33
Calculate the highest common factor of 99 and 12573.
99
Calculate the greatest common factor of 12947 and 605.
121
What is the highest common divisor of 620 and 90?
10
Calculate the greatest common divisor of 1275 and 50.
25
Calculate the highest common divisor of 429 and 1188.
33
Calculate the greatest common factor of 3088 and 16.
16
What is the greatest common factor of 1313 and 707?
101
Calculate the highest common divisor of 9916 and 111.
37
Calculate the highest common factor of 777 and 14.
7
What is the highest common factor of 1064 and 8?
8
Calculate the greatest common divisor of 952 and 34.
34
What is the highest common divisor of 1120 and 2870?
70
What is the highest common factor of 11189 and 501?
167
What is the greatest common divisor of 113 and 113?
113
Calculate the greatest common divisor of 42 and 882.
42
What is the greatest common factor of 408 and 221?
17
What is the highest common factor of 4180 and 110?
110
What is the highest common factor of 1470 and 1890?
210
Calculate the greatest common factor of 48 and 48.
48
What is the greatest common divisor of 20 and 620?
20
What is the greatest common divisor of 744 and 3?
3
Calculate the greatest common divisor of 12 and 5776.
4
What is the highest common divisor of 1960 and 50?
10
What is the greatest common divisor of 2033 and 19?
19
What is the greatest common factor of 13 and 1417?
13
Calculate the greatest common factor of 54 and 216.
54
Calculate the highest common factor of 49 and 49.
49
What is the greatest common factor of 108 and 288?
36
What is the highest common divisor of 670 and 70?
10
Calculate the highest common factor of 404 and 101.
101
Calculate the highest common divisor of 12 and 2523.
3
What is the greatest common factor of 826 and 224?
14
Calculate the greatest common factor of 11778 and 234.
78
What is the highest common divisor of 88 and 11?
11
What is the highest common factor of 4624 and 1088?
272
Calculate the highest common factor of 2451 and 903.
129
Calculate the highest common divisor of 3468 and 4.
4
Calculate the greatest common factor of 1032 and 24.
24
What is the greatest common factor of 31 and 1643?
31
What is the highest common factor of 10 and 6010?
10
What is the highest common divisor of 152 and 114?
38
Calculate the highest common factor of 57 and 608.
19
What is the greatest common divisor of 747 and 664?
83
What is the greatest common divisor of 742 and 318?
106
Calculate the highest common divisor of 7 and 2016.
7
What is the highest common factor of 1956 and 96?
12
What is the greatest common factor of 650 and 130?
130
What is the highest common factor of 22164 and 12?
12
Calculate the greatest common divisor of 50930 and 22.
22
What is the greatest common factor of 816 and 48?
48
Calculate the greatest common divisor of 2320 and 400.
80
Calculate the highest common factor of 608 and 285.
19
Calculate the highest common factor of 1023 and 429.
33
What is the greatest common divisor of 11030 and 70?
10
What is the greatest common divisor of 16 and 1024?
16
Calculate the greatest common divisor of 58 and 319.
29
What is the highest common divisor of 16 and 88?
8
What is the greatest common divisor of 7770 and 20?
10
Calculate the greatest common factor of 80 and 220.
20
What is the highest common divisor of 6 and 2?
2
Calculate the greatest common factor of 20 and 2890.
10
What is the highest common factor of 4 and 25?
1
What is the greatest common divisor of 1430 and 55?
55
What is the highest common divisor of 151 and 11627?
151
Calculate the highest common divisor of 77 and 21.
7
What is the greatest common factor of 80 and 464?
16
What is the greatest common divisor of 576 and 5472?
288
Calculate the highest common divisor of 200 and 225.
25
What is the highest common factor of 191 and 10?
1
Calculate the greatest common factor of 150 and 700.
50
Calculate the greatest common factor of 35 and 270.
5
Calculate the greatest common divisor of 180 and 240.
60
What is the greatest common factor of 2584 and 152?
152
Calculate the greatest common factor of 61115 and 85.
85
Calculate the highest common factor of 4 and 1636.
4
Calculate the highest common divisor of 567 and 648.
81
What is the highest common divisor of 8 and 92?
4
Calculate the highest common divisor of 759 and 132.
33
What is the greatest common factor of 45 and 40?
5
Calculate the greatest common divisor of 31 and 54157.
31
Calculate the greatest common factor of 9823 and 209.
209
What is the greatest common divisor of 1687 and 14?
7
Calculate the highest common divisor of 3350 and 25.
25
Calculate the greatest common divisor of 147 and 2541.
21
What is the greatest common divisor of 472 and 10266?
118
Calculate the greatest common divisor of 288 and 176.
16
Calculate the greatest common factor of 1775 and 71.
71
Calculate the greatest common factor of 518 and 370.
74
What is the greatest common divisor of 4 and 12?
4
Calculate the highest common divisor of 8188 and 92.
92
What is the greatest common factor of 1197 and 693?
63
Calculate the greatest common divisor of 51 and 921.
3
What is the highest common divisor of 430 and 86?
86
What is the greatest common factor of 27 and 261?
9
Calculate the greatest common factor of 96 and 108.
12
Calculate the greatest common divisor of 108 and 7794.
18
Calculate the highest common divisor of 95 and 1539.
19
Calculate the greatest common divisor of 385 and 2079.
77
Calculate the highest common divisor of 23 and 2507.
23
Calculate the highest common divisor of 4 and 3256.
4
Calculate the highest common divisor of 9 and 87.
3
What is the highest common divisor of 5027 and 11?
11
Calculate the highest common factor of 963 and 117.
9
What is the greatest common factor of 8 and 181?
1
What is the greatest common factor of 92 and 2944?
92
Calculate the highest common divisor of 16807 and 7.
7
Calculate the greatest common divisor of 1580 and 30.
10
What is the highest common factor of 1130 and 20?
10
What is the highest common factor of 60 and 2970?
30
Calculate the greatest common divisor of 143 and 949.
13
Calculate the highest common divisor of 1457 and 47.
